[INFO] cloning repository https://github.com/Isaac-Lozano/OnVars-Tool
[INFO] running `Command { std: "git" "-c" "credential.helper=" "-c" "credential.helper=/workspace/cargo-home/bin/git-credential-null" "clone" "--bare" "https://github.com/Isaac-Lozano/OnVars-Tool" "/workspace/cache/git-repos/https%3A%2F%2Fgithub.com%2FIsaac-Lozano%2FOnVars-Tool", kill_on_drop: false }`
[INFO] [stderr] Cloning into bare repository '/workspace/cache/git-repos/https%3A%2F%2Fgithub.com%2FIsaac-Lozano%2FOnVars-Tool'...
[INFO] running `Command { std: "git" "rev-parse" "HEAD", kill_on_drop: false }`
[INFO] [stdout] f6b3b117fdf976eebfc9a0f02d216d17bf6725ec
[INFO] building Isaac-Lozano/OnVars-Tool against master#ff34b919075f35a1787659e9c448a34b06bab8de for issue-85264
[INFO] running `Command { std: "git" "clone" "/workspace/cache/git-repos/https%3A%2F%2Fgithub.com%2FIsaac-Lozano%2FOnVars-Tool" "/workspace/builds/worker-5/source", kill_on_drop: false }`
[INFO] [stderr] Cloning into '/workspace/builds/worker-5/source'...
[INFO] [stderr] done.
[INFO] validating manifest of git repo https://github.com/Isaac-Lozano/OnVars-Tool on toolchain ff34b919075f35a1787659e9c448a34b06bab8de
[INFO] running `Command { std: "/workspace/cargo-home/bin/cargo" "+ff34b919075f35a1787659e9c448a34b06bab8de" "metadata" "--manifest-path" "Cargo.toml" "--no-deps", kill_on_drop: false }`
[INFO] started tweaking git repo https://github.com/Isaac-Lozano/OnVars-Tool
[INFO] finished tweaking git repo https://github.com/Isaac-Lozano/OnVars-Tool
[INFO] tweaked toml for git repo https://github.com/Isaac-Lozano/OnVars-Tool written to /workspace/builds/worker-5/source/Cargo.toml
[INFO] crate git repo https://github.com/Isaac-Lozano/OnVars-Tool already has a lockfile, it will not be regenerated
[INFO] running `Command { std: "/workspace/cargo-home/bin/cargo" "+ff34b919075f35a1787659e9c448a34b06bab8de" "fetch" "--manifest-path" "Cargo.toml", kill_on_drop: false }`
[INFO] running `Command { std: "docker" "create" "-v" "/var/lib/crater-agent-workspace/builds/worker-5/target:/opt/rustwide/target:rw,Z" "-v" "/var/lib/crater-agent-workspace/builds/worker-5/source:/opt/rustwide/workdir:ro,Z" "-v" "/var/lib/crater-agent-workspace/cargo-home:/opt/rustwide/cargo-home:ro,Z" "-v" "/var/lib/crater-agent-workspace/rustup-home:/opt/rustwide/rustup-home:ro,Z" "-e" "SOURCE_DIR=/opt/rustwide/workdir" "-e" "CARGO_TARGET_DIR=/opt/rustwide/target" "-e" "CARGO_HOME=/opt/rustwide/cargo-home" "-e" "RUSTUP_HOME=/opt/rustwide/rustup-home" "-w" "/opt/rustwide/workdir" "-m" "1610612736" "--user" "0:0" "--network" "none" "ghcr.io/rust-lang/crates-build-env/linux@sha256:20528e8c29e4536546f0102ce88568b16ea7538393a33fcca951030f7af10457" "/opt/rustwide/cargo-home/bin/cargo" "+ff34b919075f35a1787659e9c448a34b06bab8de" "metadata" "--no-deps" "--format-version=1", kill_on_drop: false }`
[INFO] [stderr] WARNING: Your kernel does not support swap limit capabilities or the cgroup is not mounted. Memory limited without swap.
[INFO] [stdout] 4a3a82a19165f1e56a4e616c408017b82f192a541ba52acca0aee04617f2810a
[INFO] running `Command { std: "docker" "start" "-a" "4a3a82a19165f1e56a4e616c408017b82f192a541ba52acca0aee04617f2810a", kill_on_drop: false }`
[INFO] running `Command { std: "docker" "inspect" "4a3a82a19165f1e56a4e616c408017b82f192a541ba52acca0aee04617f2810a", kill_on_drop: false }`
[INFO] running `Command { std: "docker" "rm" "-f" "4a3a82a19165f1e56a4e616c408017b82f192a541ba52acca0aee04617f2810a", kill_on_drop: false }`
[INFO] [stdout] 4a3a82a19165f1e56a4e616c408017b82f192a541ba52acca0aee04617f2810a
[INFO] running `Command { std: "docker" "create" "-v" "/var/lib/crater-agent-workspace/builds/worker-5/target:/opt/rustwide/target:rw,Z" "-v" "/var/lib/crater-agent-workspace/builds/worker-5/source:/opt/rustwide/workdir:ro,Z" "-v" "/var/lib/crater-agent-workspace/cargo-home:/opt/rustwide/cargo-home:ro,Z" "-v" "/var/lib/crater-agent-workspace/rustup-home:/opt/rustwide/rustup-home:ro,Z" "-e" "SOURCE_DIR=/opt/rustwide/workdir" "-e" "CARGO_TARGET_DIR=/opt/rustwide/target" "-e" "CARGO_INCREMENTAL=0" "-e" "RUST_BACKTRACE=full" "-e" "RUSTFLAGS=--cap-lints=forbid" "-e" "CARGO_HOME=/opt/rustwide/cargo-home" "-e" "RUSTUP_HOME=/opt/rustwide/rustup-home" "-w" "/opt/rustwide/workdir" "-m" "1610612736" "--user" "0:0" "--network" "none" "ghcr.io/rust-lang/crates-build-env/linux@sha256:20528e8c29e4536546f0102ce88568b16ea7538393a33fcca951030f7af10457" "/opt/rustwide/cargo-home/bin/cargo" "+ff34b919075f35a1787659e9c448a34b06bab8de" "build" "--frozen" "--message-format=json", kill_on_drop: false }`
[INFO] [stdout] bfcab1eeb850455d5361866c51502ee00bf1065c5322bce698ac84706c243e15
[INFO] [stderr] WARNING: Your kernel does not support swap limit capabilities or the cgroup is not mounted. Memory limited without swap.
[INFO] running `Command { std: "docker" "start" "-a" "bfcab1eeb850455d5361866c51502ee00bf1065c5322bce698ac84706c243e15", kill_on_drop: false }`
[INFO] [stderr]    Compiling onvars_tool v1.0.0 (/opt/rustwide/workdir)
[INFO] [stdout] error[E0433]: failed to resolve: could not find `shared` in `winapi`
[INFO] [stdout]  --> src/process_reader.rs:6:13
[INFO] [stdout]   |
[INFO] [stdout] 6 | use winapi::shared::minwindef::{HMODULE, MAX_PATH};
[INFO] [stdout]   |             ^^^^^^ could not find `shared` in `winapi`
[INFO] [stdout] 
[INFO] [stdout] 
[INFO] [stdout] error[E0433]: failed to resolve: could not find `shared` in `winapi`
[INFO] [stdout]  --> src/process_reader.rs:7:13
[INFO] [stdout]   |
[INFO] [stdout] 7 | use winapi::shared::ntdef::NULL;
[INFO] [stdout]   |             ^^^^^^ could not find `shared` in `winapi`
[INFO] [stdout] 
[INFO] [stdout] 
[INFO] [stdout] error[E0432]: unresolved import `winapi::ctypes`
[INFO] [stdout]  --> src/process_reader.rs:5:13
[INFO] [stdout]   |
[INFO] [stdout] 5 | use winapi::ctypes::c_void;
[INFO] [stdout]   |             ^^^^^^ could not find `ctypes` in `winapi`
[INFO] [stdout] 
[INFO] [stdout] 
[INFO] [stdout] error[E0432]: unresolved import `winapi::um`
[INFO] [stdout]  --> src/process_reader.rs:8:13
[INFO] [stdout]   |
[INFO] [stdout] 8 | use winapi::um::memoryapi;
[INFO] [stdout]   |             ^^ could not find `um` in `winapi`
[INFO] [stdout] 
[INFO] [stdout] 
[INFO] [stdout] error[E0432]: unresolved import `winapi::um`
[INFO] [stdout]  --> src/process_reader.rs:9:13
[INFO] [stdout]   |
[INFO] [stdout] 9 | use winapi::um::processthreadsapi;
[INFO] [stdout]   |             ^^ could not find `um` in `winapi`
[INFO] [stdout] 
[INFO] [stdout] 
[INFO] [stdout] error[E0433]: failed to resolve: could not find `um` in `winapi`
[INFO] [stdout]   --> src/process_reader.rs:11:13
[INFO] [stdout]    |
[INFO] [stdout] 11 | use winapi::um::winnt::{HANDLE, PROCESS_QUERY_INFORMATION, PROCESS_VM_READ, PROCESS_VM_WRITE};
[INFO] [stdout]    |             ^^ could not find `um` in `winapi`
[INFO] [stdout] 
[INFO] [stdout] 
[INFO] [stdout] error[E0432]: unresolved import `winapi::um`
[INFO] [stdout]   --> src/process_reader.rs:10:13
[INFO] [stdout]    |
[INFO] [stdout] 10 | use winapi::um::psapi;
[INFO] [stdout]    |             ^^ could not find `um` in `winapi`
[INFO] [stdout] 
[INFO] [stdout] 
[INFO] [stdout] error[E0412]: cannot find type `HANDLE` in this scope
[INFO] [stdout]   --> src/process_reader.rs:16:26
[INFO] [stdout]    |
[INFO] [stdout] 16 | pub struct ProcessHandle(HANDLE);
[INFO] [stdout]    |                          ^^^^^^ not found in this scope
[INFO] [stdout] 
[INFO] [stdout] 
[INFO] [stdout] error[E0425]: cannot find value `NULL` in this scope
[INFO] [stdout]   --> src/process_reader.rs:23:26
[INFO] [stdout]    |
[INFO] [stdout] 23 |             if handle == NULL {
[INFO] [stdout]    |                          ^^^^ not found in this scope
[INFO] [stdout] 
[INFO] [stdout] 
[INFO] [stdout] error[E0425]: cannot find value `PROCESS_QUERY_INFORMATION` in this scope
[INFO] [stdout]   --> src/process_reader.rs:31:32
[INFO] [stdout]    |
[INFO] [stdout] 31 |         Self::open_process(id, PROCESS_QUERY_INFORMATION | PROCESS_VM_READ | PROCESS_VM_WRITE)
[INFO] [stdout]    |                                ^^^^^^^^^^^^^^^^^^^^^^^^^ not found in this scope
[INFO] [stdout] 
[INFO] [stdout] 
[INFO] [stdout] error[E0425]: cannot find value `PROCESS_VM_READ` in this scope
[INFO] [stdout]   --> src/process_reader.rs:31:60
[INFO] [stdout]    |
[INFO] [stdout] 31 |         Self::open_process(id, PROCESS_QUERY_INFORMATION | PROCESS_VM_READ | PROCESS_VM_WRITE)
[INFO] [stdout]    |                                                            ^^^^^^^^^^^^^^^ not found in this scope
[INFO] [stdout] 
[INFO] [stdout] 
[INFO] [stdout] error[E0425]: cannot find value `PROCESS_VM_WRITE` in this scope
[INFO] [stdout]   --> src/process_reader.rs:31:78
[INFO] [stdout]    |
[INFO] [stdout] 31 |         Self::open_process(id, PROCESS_QUERY_INFORMATION | PROCESS_VM_READ | PROCESS_VM_WRITE)
[INFO] [stdout]    |                                                                              ^^^^^^^^^^^^^^^^ not found in this scope
[INFO] [stdout] 
[INFO] [stdout] 
[INFO] [stdout] error[E0412]: cannot find type `HMODULE` in this scope
[INFO] [stdout]   --> src/process_reader.rs:39:80
[INFO] [stdout]    |
[INFO] [stdout] 39 | ...   let result = psapi::EnumProcessModules(self.0, &mut module as *mut HMODULE, mem::size_of::<HMODULE>() as u32, &mut bytes_needed as ...
[INFO] [stdout]    |                                                                          ^^^^^^^ not found in this scope
[INFO] [stdout] 
[INFO] [stdout] 
[INFO] [stdout] error[E0412]: cannot find type `HMODULE` in this scope
[INFO] [stdout]   --> src/process_reader.rs:39:104
[INFO] [stdout]    |
[INFO] [stdout] 18 | impl ProcessHandle {
[INFO] [stdout]    |     - help: you might be missing a type parameter: `<HMODULE>`
[INFO] [stdout] ...
[INFO] [stdout] 39 |             let result = psapi::EnumProcessModules(self.0, &mut module as *mut HMODULE, mem::size_of::<HMODULE>() as u32, &mut bytes_need...
[INFO] [stdout]    |                                                                                                        ^^^^^^^ not found in this scope
[INFO] [stdout] 
[INFO] [stdout] 
[INFO] [stdout] error[E0425]: cannot find value `MAX_PATH` in this scope
[INFO] [stdout]   --> src/process_reader.rs:43:41
[INFO] [stdout]    |
[INFO] [stdout] 43 |             let mut name_buffer = [0i8; MAX_PATH];
[INFO] [stdout]    |                                         ^^^^^^^^ not found in this scope
[INFO] [stdout] 
[INFO] [stdout] 
[INFO] [stdout] error[E0425]: cannot find value `MAX_PATH` in this scope
[INFO] [stdout]   --> src/process_reader.rs:44:106
[INFO] [stdout]    |
[INFO] [stdout] 44 |             let bytes_in_str = psapi::GetModuleBaseNameA(self.0, module, &mut name_buffer[0] as *mut i8, MAX_PATH as u32);
[INFO] [stdout]    |                                                                                                          ^^^^^^^^ not found in this scope
[INFO] [stdout] 
[INFO] [stdout] 
[INFO] [stdout] error[E0425]: cannot find value `MAX_PATH` in this scope
[INFO] [stdout]   --> src/process_reader.rs:45:35
[INFO] [stdout]    |
[INFO] [stdout] 45 |             let name_buffer: [u8; MAX_PATH] = mem::transmute(name_buffer);
[INFO] [stdout]    |                                   ^^^^^^^^ not found in this scope
[INFO] [stdout] 
[INFO] [stdout] 
[INFO] [stdout] warning: use of deprecated function `std::mem::uninitialized`: use `mem::MaybeUninit` instead
[INFO] [stdout]   --> src/process_reader.rs:37:30
[INFO] [stdout]    |
[INFO] [stdout] 37 |             let mut module = mem::uninitialized();
[INFO] [stdout]    |                              ^^^^^^^^^^^^^^^^^^
[INFO] [stdout]    |
[INFO] [stdout]    = note: `#[warn(deprecated)]` on by default
[INFO] [stdout] 
[INFO] [stdout] 
[INFO] [stdout] warning: use of deprecated function `std::mem::uninitialized`: use `mem::MaybeUninit` instead
[INFO] [stdout]   --> src/process_reader.rs:38:36
[INFO] [stdout]    |
[INFO] [stdout] 38 |             let mut bytes_needed = mem::uninitialized();
[INFO] [stdout]    |                                    ^^^^^^^^^^^^^^^^^^
[INFO] [stdout] 
[INFO] [stdout] 
[INFO] [stdout] warning: use of deprecated function `std::mem::uninitialized`: use `mem::MaybeUninit` instead
[INFO] [stdout]   --> src/process_reader.rs:75:26
[INFO] [stdout]    |
[INFO] [stdout] 75 |             bytes_read = mem::uninitialized();
[INFO] [stdout]    |                          ^^^^^^^^^^^^^^^^^^
[INFO] [stdout] 
[INFO] [stdout] 
[INFO] [stdout] warning: use of deprecated function `std::mem::uninitialized`: use `mem::MaybeUninit` instead
[INFO] [stdout]    --> src/process_reader.rs:132:29
[INFO] [stdout]     |
[INFO] [stdout] 132 |             bytes_written = mem::uninitialized();
[INFO] [stdout]     |                             ^^^^^^^^^^^^^^^^^^
[INFO] [stdout] 
[INFO] [stdout] 
[INFO] [stdout] error: aborting due to 17 previous errors; 4 warnings emitted
[INFO] [stdout] 
[INFO] [stdout] 
[INFO] [stdout] Some errors have detailed explanations: E0412, E0425, E0432, E0433.
[INFO] [stdout] 
[INFO] [stdout] For more information about an error, try `rustc --explain E0412`.
[INFO] [stdout] 
[INFO] [stderr] error: could not compile `onvars_tool`
[INFO] [stderr] 
[INFO] [stderr] To learn more, run the command again with --verbose.
[INFO] running `Command { std: "docker" "inspect" "bfcab1eeb850455d5361866c51502ee00bf1065c5322bce698ac84706c243e15", kill_on_drop: false }`
[INFO] running `Command { std: "docker" "rm" "-f" "bfcab1eeb850455d5361866c51502ee00bf1065c5322bce698ac84706c243e15", kill_on_drop: false }`
[INFO] [stdout] bfcab1eeb850455d5361866c51502ee00bf1065c5322bce698ac84706c243e15
